{"id":371,"date":"2024-04-26T08:58:50","date_gmt":"2024-04-26T08:58:50","guid":{"rendered":"https:\/\/zeerio.ch\/bellball\/?page_id=371"},"modified":"2024-04-26T09:40:48","modified_gmt":"2024-04-26T09:40:48","slug":"support","status":"publish","type":"page","link":"https:\/\/zeerio.ch\/bellball\/support\/","title":{"rendered":"Support"},"content":{"rendered":"<div  class='flex_column av-6mywr-a3c563f92ad5cf6dee6d0f22598bdaef av_one_full  avia-builder-el-0  el_before_av_heading  avia-builder-el-first  first flex_column_div  '     ><style type=\"text\/css\" data-created_by=\"avia_inline_auto\" id=\"style-css-av-lvggbqzu-b8568c91ce38a7a2a88b1d8df70afaa0\">\n.avia-image-container.av-lvggbqzu-b8568c91ce38a7a2a88b1d8df70afaa0 img.avia_image{\nbox-shadow:none;\n}\n.avia-image-container.av-lvggbqzu-b8568c91ce38a7a2a88b1d8df70afaa0 .av-image-caption-overlay-center{\ncolor:#ffffff;\n}\n<\/style>\n<div  class='avia-image-container av-lvggbqzu-b8568c91ce38a7a2a88b1d8df70afaa0 av-styling- avia-align-center  avia-builder-el-1  avia-builder-el-no-sibling '   itemprop=\"image\" itemscope=\"itemscope\" itemtype=\"https:\/\/schema.org\/ImageObject\" ><div class=\"avia-image-container-inner\"><div class=\"avia-image-overlay-wrap\"><img decoding=\"async\" fetchpriority=\"high\" class='wp-image-380 avia-img-lazy-loading-not-380 avia_image ' src=\"https:\/\/zeerio.ch\/bellball\/wp-content\/uploads\/2024\/04\/puppy-2785074_1280-1210x423.jpg\" alt='' title='puppy-2785074_1280'  height=\"423\" width=\"1210\"  itemprop=\"thumbnailUrl\"  \/><\/div><\/div><\/div><\/div>\n<style type=\"text\/css\" data-created_by=\"avia_inline_auto\" id=\"style-css-av-lvgg256t-8106ddafb7d32a1d4c38a67569e3dd04\">\n#top .av-special-heading.av-lvgg256t-8106ddafb7d32a1d4c38a67569e3dd04{\npadding-bottom:10px;\n}\nbody .av-special-heading.av-lvgg256t-8106ddafb7d32a1d4c38a67569e3dd04 .av-special-heading-tag .heading-char{\nfont-size:25px;\n}\n.av-special-heading.av-lvgg256t-8106ddafb7d32a1d4c38a67569e3dd04 .av-subheading{\nfont-size:15px;\n}\n<\/style>\n<div  class='av-special-heading av-lvgg256t-8106ddafb7d32a1d4c38a67569e3dd04 av-special-heading-h3  avia-builder-el-2  el_after_av_one_full  el_before_av_textblock '><h3 class='av-special-heading-tag'  itemprop=\"headline\"  >Ben\u00f6tigst Sie eine Auskunft? <\/h3><div class=\"special-heading-border\"><div class=\"special-heading-inner-border\"><\/div><\/div><\/div><\/p>\n<section  class='av_textblock_section av-lvgfxm9u-65e7fc65e20e2e5054ba88be79110c8f '   itemscope=\"itemscope\" itemtype=\"https:\/\/schema.org\/CreativeWork\" ><div class='avia_textblock'  itemprop=\"text\" ><p>Kundenbetreuung ist uns wichtig. Wir stehen Ihnen bei Fragen oder Problemen gerne zur Verf\u00fcgung. Bitte z\u00f6gern Sie nicht, uns zu kontaktieren.<\/p>\n<ul>\n<li><a href=\"https:\/\/zeerio.ch\/bellball\/kontakt\/\"><strong>Kontaktformular<\/strong><\/a><\/li>\n<li><strong>H\u00e4ufig gestellte Fragen (FAQ):<\/strong> Besuchen Sie unsere <a href=\"https:\/\/zeerio.ch\/bellball\/produkt\/pawpitcher\/\">FAQ<\/a> f\u00fcr Antworten auf h\u00e4ufig gestellte Fragen.<\/li>\n<li><strong>Telefonisch:<\/strong> Rufen Sie uns an unter +41 123 45 68<\/li>\n<\/ul>\n<p>Unser engagiertes Support-Team steht Ihnen sowohl \u00fcber das Kontaktformular als auch telefonisch zur Verf\u00fcgung und wird sich umgehend um Ihr Anliegen k\u00fcmmern.<\/p>\n<\/div><\/section>\n","protected":false},"excerpt":{"rendered":"","protected":false},"author":1,"featured_media":0,"parent":0,"menu_order":0,"comment_status":"closed","ping_status":"closed","template":"","meta":{"footnotes":""},"class_list":["post-371","page","type-page","status-publish","hentry"],"_links":{"self":[{"href":"https:\/\/zeerio.ch\/bellball\/wp-json\/wp\/v2\/pages\/371","targetHints":{"allow":["GET"]}}],"collection":[{"href":"https:\/\/zeerio.ch\/bellball\/wp-json\/wp\/v2\/pages"}],"about":[{"href":"https:\/\/zeerio.ch\/bellball\/wp-json\/wp\/v2\/types\/page"}],"author":[{"embeddable":true,"href":"https:\/\/zeerio.ch\/bellball\/wp-json\/wp\/v2\/users\/1"}],"replies":[{"embeddable":true,"href":"https:\/\/zeerio.ch\/bellball\/wp-json\/wp\/v2\/comments?post=371"}],"version-history":[{"count":11,"href":"https:\/\/zeerio.ch\/bellball\/wp-json\/wp\/v2\/pages\/371\/revisions"}],"predecessor-version":[{"id":386,"href":"https:\/\/zeerio.ch\/bellball\/wp-json\/wp\/v2\/pages\/371\/revisions\/386"}],"wp:attachment":[{"href":"https:\/\/zeerio.ch\/bellball\/wp-json\/wp\/v2\/media?parent=371"}],"curies":[{"name":"wp","href":"https:\/\/api.w.org\/{rel}","templated":true}]}}