{"id":315,"date":"2024-04-19T13:57:01","date_gmt":"2024-04-19T13:57:01","guid":{"rendered":"https:\/\/zeerio.ch\/bellball\/?page_id=315"},"modified":"2024-04-19T16:53:48","modified_gmt":"2024-04-19T16:53:48","slug":"unternehmen","status":"publish","type":"page","link":"https:\/\/zeerio.ch\/bellball\/unternehmen\/","title":{"rendered":"Unternehmen"},"content":{"rendered":"\n<style type=\"text\/css\" data-created_by=\"avia_inline_auto\" id=\"style-css-av-lv6qhtts-b54561502db47d1e708107179f891687\">\n#top .av-special-heading.av-lv6qhtts-b54561502db47d1e708107179f891687{\npadding-bottom:10px;\n}\nbody .av-special-heading.av-lv6qhtts-b54561502db47d1e708107179f891687 .av-special-heading-tag .heading-char{\nfont-size:25px;\n}\n.av-special-heading.av-lv6qhtts-b54561502db47d1e708107179f891687 .av-subheading{\nfont-size:15px;\n}\n<\/style>\n<div  class='av-special-heading av-lv6qhtts-b54561502db47d1e708107179f891687 av-special-heading-h1  avia-builder-el-0  el_before_av_slideshow_full  avia-builder-el-no-sibling '><h1 class='av-special-heading-tag'  itemprop=\"headline\"  >BellBall GmbH<\/h1><div class=\"special-heading-border\"><div class=\"special-heading-inner-border\"><\/div><\/div><\/div>\n<\/div><\/div><\/div><!-- close content main div --><\/div><\/div><div id='full_slider_1'  class='avia-fullwidth-slider main_color avia-shadow   avia-builder-el-1  el_after_av_heading  el_before_av_heading   slider-not-first container_wrap sidebar_right'  ><div  class='avia-slideshow av-lv6uv8th-8900d0d3fffc2f0378ca0193ca6a39fb avia-slideshow-featured_large av_slideshow_full avia-slide-slider av-slideshow-ui av-control-default av-slideshow-manual av-loop-once av-loop-manual-endless av-default-height-applied   avia-slideshow-1' data-slideshow-options=\"{&quot;animation&quot;:&quot;slide&quot;,&quot;autoplay&quot;:false,&quot;loop_autoplay&quot;:&quot;once&quot;,&quot;interval&quot;:5,&quot;loop_manual&quot;:&quot;manual-endless&quot;,&quot;autoplay_stopper&quot;:false,&quot;noNavigation&quot;:false,&quot;bg_slider&quot;:false,&quot;keep_padding&quot;:false,&quot;hoverpause&quot;:false,&quot;show_slide_delay&quot;:0}\"  itemprop=\"image\" itemscope=\"itemscope\" itemtype=\"https:\/\/schema.org\/ImageObject\" ><ul class='avia-slideshow-inner ' style='padding-bottom: 49.21875%;'><li  class='avia-slideshow-slide av-lv6uv8th-8900d0d3fffc2f0378ca0193ca6a39fb__0  av-single-slide slide-1 slide-odd'><div data-rel='slideshow-1' class='avia-slide-wrap '   ><img decoding=\"async\" fetchpriority=\"high\" class=\"wp-image-320 avia-img-lazy-loading-not-320\"  src=\"https:\/\/zeerio.ch\/bellball\/wp-content\/uploads\/2024\/04\/dog-1367297_1280-1280x630.jpg\" width=\"1280\" height=\"630\" title='dog-1367297_1280' alt=''  itemprop=\"thumbnailUrl\"   \/><\/div><\/li><\/ul><\/div><\/div><div id='after_full_slider_1'  class='main_color av_default_container_wrap container_wrap sidebar_right'  ><div class='container av-section-cont-open' ><div class='template-page content  av-content-small alpha units'><div class='post-entry post-entry-type-page post-entry-315'><div class='entry-content-wrapper clearfix'>\n\n<style type=\"text\/css\" data-created_by=\"avia_inline_auto\" id=\"style-css-av-lv6wqtbb-e9d647e9ebd3886537e6f19177a7be37\">\n#top .av-special-heading.av-lv6wqtbb-e9d647e9ebd3886537e6f19177a7be37{\npadding-bottom:50px;\n}\nbody .av-special-heading.av-lv6wqtbb-e9d647e9ebd3886537e6f19177a7be37 .av-special-heading-tag .heading-char{\nfont-size:25px;\n}\n.av-special-heading.av-lv6wqtbb-e9d647e9ebd3886537e6f19177a7be37 .av-subheading{\nfont-size:15px;\n}\n<\/style>\n<div  class='av-special-heading av-lv6wqtbb-e9d647e9ebd3886537e6f19177a7be37 av-special-heading-h4  avia-builder-el-2  el_after_av_slideshow_full  el_before_av_one_full  avia-builder-el-first '><h4 class='av-special-heading-tag'  itemprop=\"headline\"  >PawPitcher, Ihrem vertrauensw\u00fcrdigen Partner f\u00fcr nachhaltig hergestelltes Hundespielzeug! Wir sind ein junges und ambitioniertes Unternehmen, das sich der Herstellung hochwertiger Produkte f\u00fcr das Wohlbefinden von Hunden widmet.<\/h4><div class=\"special-heading-border\"><div class=\"special-heading-inner-border\"><\/div><\/div><\/div>\n<div  class='flex_column av-x1ab-30578f700923890be10a14aed7701cb7 av_one_full  avia-builder-el-3  el_after_av_heading  avia-builder-el-last  first flex_column_div  '     ><section  class='av_textblock_section av-lv6w0g2q-8ba5b16cb1e8da125426904ca9b64254 '   itemscope=\"itemscope\" itemtype=\"https:\/\/schema.org\/CreativeWork\" ><div class='avia_textblock'  itemprop=\"text\" ><h4><a href=\"https:\/\/zeerio.ch\/bellball\/unser-team\/\">Wer sind wir?<\/a><\/h4>\n<p>PawPitcher wurde von Emely Johnsson und Olivia Smith gegr\u00fcndet, zwei leidenschaftlichen CEO&#8217;s, die sich gemeinsam der Mission verschrieben haben, das Leben von Hunden zu verbessern. Als ein junges Unternehmen mit einem Team von insgesamt zwei Mitarbeitern setzen wir uns mit vollem Einsatz daf\u00fcr ein, innovative L\u00f6sungen zu entwickeln, die das Gl\u00fcck und die Gesundheit von Hunden f\u00f6rdern.<\/p>\n<h4><a href=\"https:\/\/zeerio.ch\/bellball\/shop\/\">Was machen wir?<\/a><\/h4>\n<p>Unsere Hauptaufgabe ist es, das Hundespielzeug PawPitcher nachhaltig herzustellen. Wir verwenden umweltfreundliche Materialien und Produktionsverfahren, um sicherzustellen, dass unsere Produkte nicht nur gut f\u00fcr Ihre pelzigen Freunde, sondern auch f\u00fcr die Umwelt sind. Bei PawPitcher steht Nachhaltigkeit an erster Stelle, und wir streben danach, unsere \u00f6kologischen Auswirkungen zu minimieren und einen positiven Beitrag zur Welt zu leisten.<\/p>\n<h4>Jetzt!<\/h4>\n<p>Als frisch gegr\u00fcndetes Unternehmen sind wir voller Ambitionen und bereit, die Welt des Hundespielzeugs zu revolutionieren. Mit unserer Leidenschaft, unserem Engagement und unserer Innovationskraft streben wir danach, die Bed\u00fcrfnisse von Hunden und ihren Besitzern zu erf\u00fcllen und ein positives, nachhaltiges Unternehmen aufzubauen, auf das Sie vertrauen k\u00f6nnen.<\/p>\n<h4><a href=\"https:\/\/zeerio.ch\/bellball\/kontakt\/\">Kontaktieren<\/a> Sie uns<\/h4>\n<p>Wir freuen uns darauf, von Ihnen zu h\u00f6ren! Wenn Sie Fragen haben oder mehr \u00fcber unser Unternehmen und unsere nachhaltigen Produkte erfahren m\u00f6chten, z\u00f6gern Sie nicht, uns zu kontaktieren. Unser Team steht Ihnen jederzeit gerne zur Verf\u00fcgung.<\/p>\n<\/div><\/section><\/div>\n","protected":false},"excerpt":{"rendered":"","protected":false},"author":1,"featured_media":0,"parent":0,"menu_order":0,"comment_status":"closed","ping_status":"closed","template":"","meta":{"footnotes":""},"class_list":["post-315","page","type-page","status-publish","hentry"],"_links":{"self":[{"href":"https:\/\/zeerio.ch\/bellball\/wp-json\/wp\/v2\/pages\/315","targetHints":{"allow":["GET"]}}],"collection":[{"href":"https:\/\/zeerio.ch\/bellball\/wp-json\/wp\/v2\/pages"}],"about":[{"href":"https:\/\/zeerio.ch\/bellball\/wp-json\/wp\/v2\/types\/page"}],"author":[{"embeddable":true,"href":"https:\/\/zeerio.ch\/bellball\/wp-json\/wp\/v2\/users\/1"}],"replies":[{"embeddable":true,"href":"https:\/\/zeerio.ch\/bellball\/wp-json\/wp\/v2\/comments?post=315"}],"version-history":[{"count":27,"href":"https:\/\/zeerio.ch\/bellball\/wp-json\/wp\/v2\/pages\/315\/revisions"}],"predecessor-version":[{"id":361,"href":"https:\/\/zeerio.ch\/bellball\/wp-json\/wp\/v2\/pages\/315\/revisions\/361"}],"wp:attachment":[{"href":"https:\/\/zeerio.ch\/bellball\/wp-json\/wp\/v2\/media?parent=315"}],"curies":[{"name":"wp","href":"https:\/\/api.w.org\/{rel}","templated":true}]}}